{"id":2360,"date":"2018-11-06T10:34:24","date_gmt":"2018-11-06T10:34:24","guid":{"rendered":"https:\/\/the7.io\/church\/?page_id=5"},"modified":"2021-01-28T12:35:55","modified_gmt":"2021-01-28T12:35:55","slug":"inicio","status":"publish","type":"page","link":"https:\/\/elrenuevo.es\/","title":{"rendered":"Inicio"},"content":{"rendered":"<p>[vc_row full_width=\u00bbstretch_row_content\u00bb full_height=\u00bbyes\u00bb columns_placement=\u00bbbottom\u00bb equal_height=\u00bbyes\u00bb content_placement=\u00bbmiddle\u00bb bg_type=\u00bbvideo\u00bb video_url=\u00bbhttps:\/\/elrenuevo.es\/wp-content\/uploads\/2021\/01\/rio.mp4&#8243; video_url_2=\u00bbhttps:\/\/elrenuevo.es\/wp-content\/uploads\/2021\/01\/rio.webm\u00bb video_opts=\u00bbloop,muted\u00bb video_poster=\u00bbid^2296|url^https:\/\/elrenuevo.es\/wp-content\/uploads\/2021\/01\/rio.png|caption^null|alt^null|title^rio|description^null\u00bb viewport_vdo=\u00bbviewport_play\u00bb bg_override=\u00bbex-full\u00bb enable_overlay=\u00bbenable_overlay_value\u00bb overlay_color=\u00bbrgba(34,33,35,0.3)\u00bb overlay_pattern=\u00bb01.png\u00bb overlay_pattern_opacity=\u00bb10&#8243; css=\u00bb.vc_custom_1611588081058{padding-top: 0px !important;padding-bottom: 0px !important;background-color: #222123 !important;}\u00bb][vc_column css_animation=\u00bbnone\u00bb width=\u00bb2\/3&#8243; css=\u00bb.vc_custom_1562781881621{padding-top: 150px !important;padding-bottom: 50px !important;padding-left: 50px !important;background-position: center !important;background-repeat: no-repeat !important;background-size: cover !important;}\u00bb el_class=\u00bbhigher-z-index\u00bb offset=\u00bbvc_col-lg-7 vc_col-md-7 vc_col-xs-12&#8243;]<div id=\"ultimate-heading-48969d38e1ddb46f\" class=\"uvc-heading ult-adjust-bottom-margin ultimate-heading-48969d38e1ddb46f uvc-9986 border-fix\" data-hspacer=\"no_spacer\"  data-halign=\"left\" style=\"text-align:left\"><div class=\"uvc-heading-spacer no_spacer\" style=\"top\"><\/div><div class=\"uvc-main-heading ult-responsive\"  data-ultimate-target='.uvc-heading.ultimate-heading-48969d38e1ddb46f h1'  data-responsive-json-new='{\"font-size\":\"desktop:86px;tablet:76px;tablet_portrait:66px;mobile_landscape:56px;\",\"line-height\":\"desktop:96px;tablet:86px;tablet_portrait:76px;mobile_landscape:66px;\"}' ><h1 style=\"--font-weight:theme;color:#ffffff;margin-bottom:5px;\">El Renuevo<\/h1><\/div><\/div><div id=\"ultimate-heading-723169d38e1ddb4c1\" class=\"uvc-heading ult-adjust-bottom-margin ultimate-heading-723169d38e1ddb4c1 uvc-7221  uvc-heading-default-font-sizes\" data-hspacer=\"no_spacer\"  data-halign=\"left\" style=\"text-align:left\"><div class=\"uvc-heading-spacer no_spacer\" style=\"top\"><\/div><div class=\"uvc-sub-heading ult-responsive\"  data-ultimate-target='.uvc-heading.ultimate-heading-723169d38e1ddb4c1 .uvc-sub-heading '  data-responsive-json-new='{\"font-size\":\"desktop:24px;tablet:20px;tablet_portrait:20px;mobile_landscape:18px;mobile:18px;\",\"line-height\":\"desktop:34px;tablet:30px;tablet_portrait:30px;mobile_landscape:28px;mobile:28px;\"}'  style=\"font-weight:normal;color:#ffffff;margin-bottom:40px;\">Vivimos bajo el amor de Dios, el perd\u00f3n de Jesucristo, y el poder del Esp\u00edritu Santo.<\/div><\/div>[\/vc_column][\/vc_row][vc_row equal_height=\u00bbyes\u00bb content_placement=\u00bbmiddle\u00bb bg_type=\u00bbbg_color\u00bb bg_override=\u00bbfull\u00bb css=\u00bb.vc_custom_1561963340415{padding-top: 70px !important;padding-bottom: 70px !important;}\u00bb bg_color_value=\u00bb#f7f7f7&#8243;][vc_column width=\u00bb5\/6&#8243; offset=\u00bbvc_col-lg-offset-2 vc_col-lg-8 vc_col-md-offset-2 vc_col-md-8 vc_col-sm-offset-1 vc_col-xs-12&#8243;]<div id=\"ultimate-heading-672869d38e1ddb4ec\" class=\"uvc-heading ult-adjust-bottom-margin ultimate-heading-672869d38e1ddb4ec uvc-3905 \" data-hspacer=\"no_spacer\"  data-halign=\"center\" style=\"text-align:center\"><div class=\"uvc-heading-spacer no_spacer\" style=\"top\"><\/div><div class=\"uvc-main-heading ult-responsive\"  data-ultimate-target='.uvc-heading.ultimate-heading-672869d38e1ddb4ec h2'  data-responsive-json-new='{\"font-size\":\"desktop:30px;tablet:26px;tablet_portrait:26px;mobile_landscape:22px;mobile:22px;\",\"line-height\":\"desktop:40px;tablet:36px;tablet_portrait:36px;mobile_landscape:32px;mobile:32px;\"}' ><h2 style=\"--font-weight:theme;margin-bottom:30px;\">Sobre nosotros<\/h2><\/div><\/div><div id=\"ultimate-heading-574469d38e1ddb513\" class=\"uvc-heading ult-adjust-bottom-margin ultimate-heading-574469d38e1ddb513 uvc-796  uvc-heading-default-font-sizes\" data-hspacer=\"no_spacer\"  data-halign=\"center\" style=\"text-align:center\"><div class=\"uvc-heading-spacer no_spacer\" style=\"top\"><\/div><div class=\"uvc-sub-heading ult-responsive\"  data-ultimate-target='.uvc-heading.ultimate-heading-574469d38e1ddb513 .uvc-sub-heading '  data-responsive-json-new='{\"font-size\":\"desktop:22px;tablet:20px;tablet_portrait:20px;mobile_landscape:18px;mobile:18px;\",\"line-height\":\"desktop:30px;tablet:28px;tablet_portrait:28px;mobile_landscape:26px;mobile:26px;\"}'  style=\"font-weight:normal;\"><\/p>\n<div class=\"col-md-4 col-sm-6 mb-sm-50 mb-xs-30\">Nos encontramos situados junto a la Plaza de la Noria en El Puerto de Santa Mar\u00eda, C\u00e1diz. Realizamos distintas reuniones a lo largo de la semana, entre ellas: reuni\u00f3n de mujeres, reuni\u00f3n de estudio y oraci\u00f3n, reuni\u00f3n de j\u00f3venes y el culto dominical.<\/div>\n<p>&nbsp;<\/p>\n<div class=\"col-md-4 col-sm-6 mb-sm-50 mb-xs-30\">La iglesia se fund\u00f3 en Marzo de 2011, y es pastoreada por el Pastor Miguel Mu\u00f1oz junto con su esposa Mari Romero. Aqu\u00ed podr\u00e1s encontrar un lugar donde crecer espiritualmente y en tu relaci\u00f3n con Dios, alabar y adorar a Dios, y o\u00edr su bendita Palabra.<\/div>\n<p><\/div><\/div>[\/vc_column][\/vc_row][vc_row full_width=\u00bbstretch_row_content\u00bb content_placement=\u00bbmiddle\u00bb bg_type=\u00bbimage\u00bb parallax_style=\u00bbvcpb-default\u00bb bg_image_new=\u00bbid^2320|url^https:\/\/elrenuevo.es\/wp-content\/uploads\/2021\/01\/adoracion.png|caption^null|alt^null|title^adoracion|description^null\u00bb bg_image_repeat=\u00bbno-repeat\u00bb bg_override=\u00bbex-full\u00bb css=\u00bb.vc_custom_1611590984717{padding-top: 20px !important;padding-bottom: 20px !important;}\u00bb][vc_column parallax=\u00bbcontent-moving\u00bb]<div id=\"ultimate-heading-54269d38e1ddb562\" class=\"uvc-heading ult-adjust-bottom-margin ultimate-heading-54269d38e1ddb562 uvc-2478 \" data-hspacer=\"no_spacer\"  data-halign=\"center\" style=\"text-align:center\"><div class=\"uvc-heading-spacer no_spacer\" style=\"top\"><\/div><div class=\"uvc-main-heading ult-responsive\"  data-ultimate-target='.uvc-heading.ultimate-heading-54269d38e1ddb562 h3'  data-responsive-json-new='{\"font-size\":\"desktop:30px;tablet:24px;tablet_portrait:24px;mobile_landscape:20px;mobile:20px;\",\"line-height\":\"desktop:40px;tablet:34px;tablet_portrait:34px;mobile_landscape:30px;mobile:30px;\"}' ><h3 style=\"--font-weight:theme;color:#ffffff;margin-top:110px;margin-bottom:20px;\">Aclamad a Jehov\u00e1, porque \u00e9l es bueno; Porque su misericordia es eterna<\/h3><\/div><div class=\"uvc-sub-heading ult-responsive\"  data-ultimate-target='.uvc-heading.ultimate-heading-54269d38e1ddb562 .uvc-sub-heading '  data-responsive-json-new='{\"font-size\":\"desktop:22px;tablet:18px;tablet_portrait:18px;mobile_landscape:16px;mobile:16px;\",\"line-height\":\"desktop:32px;tablet:28px;tablet_portrait:28px;mobile_landscape:26px;mobile:26px;\"}'  style=\"font-weight:normal;color:#ffffff;margin-top:20px;margin-bottom:130px;\">1 Cr\u00f3nicas 16:34<\/div><\/div>[\/vc_column][\/vc_row][vc_row equal_height=\u00bbyes\u00bb content_placement=\u00bbmiddle\u00bb css=\u00bb.vc_custom_1611592430599{padding-top: 80px !important;padding-bottom: 50px !important;}\u00bb][vc_column css=\u00bb.vc_custom_1561963098372{padding-bottom: 30px !important;}\u00bb]<div id=\"ultimate-heading-88269d38e1ddb5a7\" class=\"uvc-heading ult-adjust-bottom-margin ultimate-heading-88269d38e1ddb5a7 uvc-1845 \" data-hspacer=\"no_spacer\"  data-halign=\"center\" style=\"text-align:center\"><div class=\"uvc-heading-spacer no_spacer\" style=\"top\"><\/div><div class=\"uvc-main-heading ult-responsive\"  data-ultimate-target='.uvc-heading.ultimate-heading-88269d38e1ddb5a7 h2'  data-responsive-json-new='{\"font-size\":\"desktop:30px;tablet:26px;tablet_portrait:26px;mobile_landscape:22px;mobile:22px;\",\"line-height\":\"desktop:40px;tablet:36px;tablet_portrait:36px;mobile_landscape:32px;mobile:32px;\"}' ><h2 style=\"--font-weight:theme;\">La situaci\u00f3n del ser humano<\/h2><\/div><div class=\"uvc-sub-heading ult-responsive\"  data-ultimate-target='.uvc-heading.ultimate-heading-88269d38e1ddb5a7 .uvc-sub-heading '  data-responsive-json-new='{\"font-size\":\"desktop:22px;tablet:20px;tablet_portrait:20px;mobile_landscape:18px;mobile:18px;\",\"line-height\":\"desktop:32px;tablet:30px;tablet_portrait:30px;mobile_landscape:28px;mobile:28px;\"}'  style=\"font-weight:normal;margin-bottom:50px;\"><\/p>\n<div class=\"col-md-4 col-sm-6 mb-sm-50 mb-xs-30\" style=\"text-align: center;\">El pecado de Ad\u00e1n nos despoj\u00f3 de la gloria de Dios, y a partir de ese momento, las consecuencias de la transgresi\u00f3n de las leyes del Padre Creador se pasaron de generaci\u00f3n en generaci\u00f3n, convirti\u00e9ndonos a todos los seres humanos en pecadores. Si afirmamos que no tenemos pecados, nos enga\u00f1amos a nosotros mismos y no tenemos la verdad.<\/div>\n<p>&nbsp;<\/p>\n<div style=\"text-align: center;\"><\/div>\n<div>\n<div class=\"col-md-4 col-sm-6 mb-sm-50 mb-xs-30\" style=\"text-align: center;\">El pecado es el permanente enemigo del hombre. Poner remedio al pecado es salvar al hombre. Dios ten\u00eda previsto desde el principio una soluci\u00f3n definitiva&#8230; Jes\u00fas. Jes\u00fas es el \u00fanico ser humano sobre la tierra que jam\u00e1s cometi\u00f3 ning\u00fan pecado. \u00c9l era el \u00fanico que pod\u00eda salvar a toda la humanidad.<\/div>\n<\/div>\n<p><\/div><\/div>[\/vc_column][\/vc_row][vc_row bg_type=\u00bbimage\u00bb parallax_style=\u00bbvcpb-default\u00bb bg_image_new=\u00bbid^945|url^https:\/\/elrenuevo.es\/wp-content\/uploads\/2019\/07\/anthony-delanoix-15928-unsplash-1.jpg|caption^null|alt^null|title^anthony-delanoix-15928-unsplash|description^null\u00bb bg_image_repeat=\u00bbno-repeat\u00bb bg_override=\u00bbfull\u00bb enable_overlay=\u00bbenable_overlay_value\u00bb overlay_color=\u00bbrgba(0,0,0,0.3)\u00bb overlay_pattern=\u00bb01.png\u00bb overlay_pattern_opacity=\u00bb10&#8243; css=\u00bb.vc_custom_1563442737578{padding-top: 10% !important;padding-bottom: 10% !important;}\u00bb][vc_column]<div id=\"ultimate-heading-665369d38e1ddb5d4\" class=\"uvc-heading ult-adjust-bottom-margin ultimate-heading-665369d38e1ddb5d4 uvc-3672 \" data-hspacer=\"no_spacer\"  data-halign=\"center\" style=\"text-align:center\"><div class=\"uvc-heading-spacer no_spacer\" style=\"top\"><\/div><div class=\"uvc-main-heading ult-responsive\"  data-ultimate-target='.uvc-heading.ultimate-heading-665369d38e1ddb5d4 h3'  data-responsive-json-new='{\"font-size\":\"desktop:30px;tablet:24px;tablet_portrait:24px;mobile_landscape:20px;mobile:20px;\",\"line-height\":\"desktop:40px;tablet:34px;tablet_portrait:34px;mobile_landscape:30px;mobile:30px;\"}' ><h3 style=\"--font-weight:theme;color:#ffffff;margin-top:20px;margin-bottom:20px;\">Bendice, alma m\u00eda, a Jehov\u00e1, y bendiga todo mi ser su santo nombre. Bendice, alma m\u00eda, a Jehov\u00e1, y no olvides ninguno de sus beneficios.<\/h3><\/div><div class=\"uvc-sub-heading ult-responsive\"  data-ultimate-target='.uvc-heading.ultimate-heading-665369d38e1ddb5d4 .uvc-sub-heading '  data-responsive-json-new='{\"font-size\":\"desktop:22px;tablet:18px;tablet_portrait:18px;mobile_landscape:16px;mobile:16px;\",\"line-height\":\"desktop:32px;tablet:28px;tablet_portrait:28px;mobile_landscape:26px;mobile:26px;\"}'  style=\"font-weight:normal;color:#ffffff;margin-top:20px;margin-bottom:40px;\">Salmos 103:1-2<\/div><\/div>[\/vc_column][\/vc_row][vc_row][vc_column]<div id=\"ultimate-heading-675469d38e1ddb5fe\" class=\"uvc-heading ult-adjust-bottom-margin ultimate-heading-675469d38e1ddb5fe uvc-3919 \" data-hspacer=\"no_spacer\"  data-halign=\"center\" style=\"text-align:center\"><div class=\"uvc-heading-spacer no_spacer\" style=\"top\"><\/div><div class=\"uvc-main-heading ult-responsive\"  data-ultimate-target='.uvc-heading.ultimate-heading-675469d38e1ddb5fe h2'  data-responsive-json-new='{\"font-size\":\"desktop:30px;tablet:26px;tablet_portrait:26px;mobile_landscape:22px;mobile:22px;\",\"line-height\":\"desktop:40px;tablet:36px;tablet_portrait:36px;mobile_landscape:32px;mobile:32px;\"}' ><h2 style=\"--font-weight:theme;margin-top:70px;\">Jes\u00fas es la soluci\u00f3n<\/h2><\/div><div class=\"uvc-sub-heading ult-responsive\"  data-ultimate-target='.uvc-heading.ultimate-heading-675469d38e1ddb5fe .uvc-sub-heading '  data-responsive-json-new='{\"font-size\":\"desktop:22px;tablet:20px;tablet_portrait:20px;mobile_landscape:18px;mobile:18px;\",\"line-height\":\"desktop:32px;tablet:30px;tablet_portrait:30px;mobile_landscape:28px;mobile:28px;\"}'  style=\"font-weight:normal;margin-bottom:110px;\"><\/p>\n<div class=\"col-md-4 col-sm-6 mb-sm-50 mb-xs-30\" style=\"text-align: center;\">Jesucristo rescat\u00f3 a los seres humanos de la esclavitud del pecado. Jes\u00fas entreg\u00f3 su vida como rescate por muchos realizando la liberaci\u00f3n esperada durante mucho tiempo, haci\u00e9ndose \u00c9l mismo nuestra redenci\u00f3n. Del mismo modo que por un hombre todos fuimos pecadores, gracias a otro hombre, todos somos salvos, mediante la fe en \u00c9l.<\/div>\n<p>&nbsp;<\/p>\n<div style=\"text-align: center;\"><\/div>\n<div>\n<div class=\"col-md-4 col-sm-6 mb-sm-50 mb-xs-30\" style=\"text-align: center;\">El ser humano s\u00f3lo puede ser salvo creyendo en Jesucristo y en su obra redentora en la cruz. De ninguna forma puede ser salvo por si mismo o por sus obras. La salvaci\u00f3n ni se puede comprar, ni se la puede ganar uno por si mismo. La salvaci\u00f3n es un regalo inmerecido que Dios nos hizo por su bendita gracia. Ahora est\u00e1 en tu mano decidir&#8230; \u00bfAceptas ese regalo?<\/div>\n<\/div>\n<p><\/div><\/div>[\/vc_column][\/vc_row][vc_row full_width=\u00bbstretch_row_content\u00bb content_placement=\u00bbmiddle\u00bb bg_type=\u00bbimage\u00bb parallax_style=\u00bbvcpb-default\u00bb bg_image_new=\u00bbid^2407|url^https:\/\/elrenuevo.es\/wp-content\/uploads\/2021\/01\/cascada.png|caption^null|alt^null|title^cascada|description^null\u00bb bg_image_repeat=\u00bbno-repeat\u00bb][vc_column]<div id=\"ultimate-heading-775569d38e1ddb63b\" class=\"uvc-heading ult-adjust-bottom-margin ultimate-heading-775569d38e1ddb63b uvc-3159 \" data-hspacer=\"no_spacer\"  data-halign=\"center\" style=\"text-align:center\"><div class=\"uvc-heading-spacer no_spacer\" style=\"top\"><\/div><div class=\"uvc-main-heading ult-responsive\"  data-ultimate-target='.uvc-heading.ultimate-heading-775569d38e1ddb63b h2'  data-responsive-json-new='{\"font-size\":\"desktop:30px;tablet:26px;tablet_portrait:26px;mobile_landscape:22px;mobile:22px;\",\"line-height\":\"desktop:40px;tablet:36px;tablet_portrait:36px;mobile_landscape:32px;mobile:32px;\"}' ><h2 style=\"--font-weight:theme;color:#ffffff;margin-top:60px;\">Disfruta de las \u00faltimas predicaciones o mira las disponibles<\/h2><\/div><\/div><style type=\"text\/css\" data-type=\"the7_shortcodes-inline-css\">#default-btn-426252461501e9666015f47ea7d01fa5.ico-right-side > i {\n  margin-right: 0px;\n  margin-left: 8px;\n}\n#default-btn-426252461501e9666015f47ea7d01fa5 > i {\n  margin-right: 8px;\n}\n#default-btn-426252461501e9666015f47ea7d01fa5 * {\n  vertical-align: middle;\n}\n<\/style><div class=\"btn-align-center\"><a href=\"http:\/\/localhost\/elrenuevo\/predicaciones\/\" class=\"default-btn-shortcode dt-btn dt-btn-m link-hover-off  vc_custom_1611832869337\" id=\"default-btn-426252461501e9666015f47ea7d01fa5\" title=\"Predicaciones\"><span>Ir a predicaciones<\/span><\/a><\/div>[\/vc_column][\/vc_row][vc_row][vc_column]<div id=\"ultimate-heading-465869d38e1ddb762\" class=\"uvc-heading ult-adjust-bottom-margin ultimate-heading-465869d38e1ddb762 uvc-7962 \" data-hspacer=\"no_spacer\"  data-halign=\"center\" style=\"text-align:center\"><div class=\"uvc-heading-spacer no_spacer\" style=\"top\"><\/div><div class=\"uvc-main-heading ult-responsive\"  data-ultimate-target='.uvc-heading.ultimate-heading-465869d38e1ddb762 h2'  data-responsive-json-new='{\"font-size\":\"desktop:30px;tablet:26px;tablet_portrait:26px;mobile_landscape:22px;mobile:22px;\",\"line-height\":\"desktop:40px;tablet:36px;tablet_portrait:36px;mobile_landscape:32px;mobile:32px;\"}' ><h2 style=\"--font-weight:theme;margin-top:60px;\">\u00daltimas predicaciones<\/h2><\/div><\/div>[vc_basic_grid post_type=\u00bbpost\u00bb max_items=\u00bb3&#8243; item=\u00bb2417&#8243; grid_id=\u00bbvc_gid:1611837281697-2652ed31-2e73-4&#8243; taxonomies=\u00bb22&#8243; css=\u00bb.vc_custom_1611837352311{margin-top: 70px !important;margin-bottom: 50px !important;}\u00bb][\/vc_column][\/vc_row]<\/p>\n","protected":false},"excerpt":{"rendered":"<p>[vc_row full_width=\u00bbstretch_row_content\u00bb full_height=\u00bbyes\u00bb columns_placement=\u00bbbottom\u00bb equal_height=\u00bbyes\u00bb content_placement=\u00bbmiddle\u00bb bg_type=\u00bbvideo\u00bb video_url=\u00bbhttps:\/\/elrenuevo.es\/wp-content\/uploads\/2021\/01\/rio.mp4&#8243; video_url_2=\u00bbhttps:\/\/elrenuevo.es\/wp-content\/uploads\/2021\/01\/rio.webm\u00bb video_opts=\u00bbloop,muted\u00bb video_poster=\u00bbid^2296|url^https:\/\/elrenuevo.es\/wp-content\/uploads\/2021\/01\/rio.png|caption^null|alt^null|title^rio|description^null\u00bb viewport_vdo=\u00bbviewport_play\u00bb bg_override=\u00bbex-full\u00bb enable_overlay=\u00bbenable_overlay_value\u00bb overlay_color=\u00bbrgba(34,33,35,0.3)\u00bb overlay_pattern=\u00bb01.png\u00bb overlay_pattern_opacity=\u00bb10&#8243; css=\u00bb.vc_custom_1611588081058{padding-top: 0px !important;padding-bottom: 0px !important;background-color: #222123 !important;}\u00bb][vc_column css_animation=\u00bbnone\u00bb width=\u00bb2\/3&#8243; css=\u00bb.vc_custom_1562781881621{padding-top: 150px !important;padding-bottom: 50px !important;padding-left: 50px !important;background-position: center !important;background-repeat: no-repeat !important;background-size: cover !important;}\u00bb el_class=\u00bbhigher-z-index\u00bb offset=\u00bbvc_col-lg-7 vc_col-md-7 vc_col-xs-12&#8243;][\/vc_column][\/vc_row][vc_row equal_height=\u00bbyes\u00bb content_placement=\u00bbmiddle\u00bb bg_type=\u00bbbg_color\u00bb bg_override=\u00bbfull\u00bb css=\u00bb.vc_custom_1561963340415{padding-top: 70px !important;padding-bottom: 70px !important;}\u00bb bg_color_value=\u00bb#f7f7f7&#8243;][vc_column width=\u00bb5\/6&#8243; offset=\u00bbvc_col-lg-offset-2&hellip;<\/p>\n","protected":false},"author":1,"featured_media":0,"parent":0,"menu_order":0,"comment_status":"closed","ping_status":"closed","template":"template-microsite.php","meta":[],"class_list":["post-2360","page","type-page","status-publish","hentry","description-off"],"_links":{"self":[{"href":"https:\/\/elrenuevo.es\/index.php?rest_route=\/wp\/v2\/pages\/2360","targetHints":{"allow":["GET"]}}],"collection":[{"href":"https:\/\/elrenuevo.es\/index.php?rest_route=\/wp\/v2\/pages"}],"about":[{"href":"https:\/\/elrenuevo.es\/index.php?rest_route=\/wp\/v2\/types\/page"}],"author":[{"embeddable":true,"href":"https:\/\/elrenuevo.es\/index.php?rest_route=\/wp\/v2\/users\/1"}],"replies":[{"embeddable":true,"href":"https:\/\/elrenuevo.es\/index.php?rest_route=%2Fwp%2Fv2%2Fcomments&post=2360"}],"version-history":[{"count":18,"href":"https:\/\/elrenuevo.es\/index.php?rest_route=\/wp\/v2\/pages\/2360\/revisions"}],"predecessor-version":[{"id":2425,"href":"https:\/\/elrenuevo.es\/index.php?rest_route=\/wp\/v2\/pages\/2360\/revisions\/2425"}],"wp:attachment":[{"href":"https:\/\/elrenuevo.es\/index.php?rest_route=%2Fwp%2Fv2%2Fmedia&parent=2360"}],"curies":[{"name":"wp","href":"https:\/\/api.w.org\/{rel}","templated":true}]}}